mmon factor of d and 568.
71
Let c = 83 - 82. Calculate the greatest common factor of c and 1.
1
Let a = 25 - 32. Let n(k) = -k**3 - 8*k**2 - 7*k + 3. Let m be n(a). What is the highest common factor of 3 and m?
3
Let y(r) = -16*r - 1. Let b be y(-6). Let w = 235 - b. What is the highest common divisor of w and 14?
14
Let p(n) = 3*n**2 - 2*n - 4*n + 5*n + 3*n - 1. Let b be p(1). Let c(d) = 4*d**2 - 4*d + 6. Let i be c(b). What is the highest common divisor of i and 135?
27
Let l be 10*2*(-2)/(-8). Let y(g) = -3*g - 59. Let x be y(-18). Let f be l*4 + (-1 - x). What is the highest common factor of 3 and f?
3
Let i = -46 - -64. Let f(p) = -8*p - 152. Let w be f(-28). Calculate the highest common divisor of w and i.
18
Suppose 3262 = 8*o - 2*h, -802 = -2*o + 6*h - 10*h. Calculate the greatest common factor of o and 185.
37
Suppose -40 = 5*j + 5*g, 3*j + g - 34 = 8*j. Let m be 6 - (8 + 3 + j). Suppose m*s = -s + 162. What is the greatest common divisor of 18 and s?
18
Let v = -135 + 162. Calculate the greatest common divisor of 3 and v.
3
Let g(v) = 10*v - 15. Let s be g(2). Let j be -2*s/20*-22. What is the highest common divisor of 44 and j?
11
Let n be (-15)/(-6)*(-6)/(-5). Let y(v) = 11*v**2 - 5*v + 4. Let h be y(n). What is the highest common divisor of 22 and h?
22
Suppose -2*c - 4*s + 4 = 2, 3*s = -5*c - 30. Let f = 20 + c. Calculate the greatest common divisor of 44 and f.
11
Suppose 33 = 2*y - 39. Let c = 192 - y. Let h = -93 + c. What is the greatest common divisor of h and 7?
7
Suppose 6 = -5*r + 26. Let n(m) = m**3 - 10*m - 2. Let j be n(r). What is the highest common divisor of 33 and j?
11
Let k = -1323 - -1383. Suppose -5*j + 115 + 85 = 0. Calculate the greatest common factor of j and k.
20
Suppose -v = 3*y - 22, 2*y + v = 6*y - 41. What is the highest common factor of y and 549?
9
Suppose 0 = -2*j + 3*h - 5, 3*h = -4*j - 2*h + 45. Suppose -j*r = -9*r + 300. What is the greatest common factor of 30 and r?
15
Suppose 0 = -4*j + 20, -5*j - 35 = -6*u + u. Let y = u + -10. Suppose 0*o + 2*d - 24 = -y*o, o - 2 = 4*d. Calculate the highest common divisor of o and 90.
10
Suppose -c + 540 = 8*c. Let q = c + 39. Calculate the greatest common divisor of q and 11.
11
Suppose 18 = 16*p - 14. Let m be 6/51 + (1524/51 - p). What is the highest common divisor of 112 and m?
28
Let g(c) = 5*c**3 + 10*c**2 - 56*c - 37. Let i be g(7). What is the greatest common factor of i and 37?
37
Suppose -9*x + 1168 = 7*x. Let l = -25 + x. What is the greatest common factor of l and 384?
48
Let p = -405 - -419. Suppose -2*d + 2 = -6. What is the greatest common factor of d and p?
2
Let o = -1554 + 1582. What is the highest common divisor of 1876 and o?
28
Let a(u) = 134*u**2 + 6*u - 7. Let s be a(1). Calculate the greatest common factor of 21 and s.
7
Let s(j) = j. Let q be s(10). Let l(d) be the second derivative of -d**3/6 + 15*d**2/2 + 40*d. Let i be l(q). Calculate the highest common factor of i and 2.
1
Let y(v) = 9*v + 1026. Let j be y(-14). Calculate the greatest common factor of j and 36.
36
Let d(s) be the first derivative of 9*s**2/2 - 23*s - 50. Let t be d(5). What is the highest common divisor of t and 176?
22
Suppose -3*i = -2*i - 21. Suppose 2*n = 4*x - 86, -x + 18 = -0*x + 3*n. What is the highest common divisor of x and i?
21
Suppose 0 = 8*u - 4*u - 36. Let l be 80/12*(-9)/(-6). Suppose -l = 5*n - 0, x + 3*n - 30 = 0. What is the highest common divisor of x and u?
9
Suppose -2*b - 6 = 0, b + 96 = 4*d - 163. Let n be (-9)/12 + 3255/20 + -2. Calculate the highest common divisor of d and n.
32
Suppose 23*l = 19*l + 4. Let z be (l/(20/8))/((-1)/(-90)). What is the greatest common factor of 4 and z?
4
Suppose 5*w = 3*s + 20 - 136, -2*w - 104 = -3*s. Suppose 4 = -4*q, -4*d + 0*q = -2*q - 18. What is the greatest common factor of s and d?
4
Let j be (-171)/76 + 2/8. Let a(i) = -4*i**3 - i**2 + 3*i - 2. Let r be a(j). Calculate the highest common divisor of r and 40.
20
Suppose -2*i - 3*d + 58 = d, -i = 3*d - 30. Suppose -i*n - 17 = -28*n. What is the greatest common divisor of 153 and n?
17
Let r be -3 + ((-140)/4)/(-5). Let p(v) = v**3 + 10*v**2 - 15*v - 9. Let n be p(r). Calculate the greatest common divisor of 31 and n.
31
Suppose 0 = o - 2*h - 7, -3*o - 4*h = -68 - 3. Calculate the highest common factor of 2023 and o.
17
Suppose 210 = l - 37. Calculate the greatest common divisor of l and 13.
13
Suppose 0 = 5*j - r + 55, -4*j - 6*r - 25 = -3*r. Let v be (j + 9)/((-1)/144). What is the greatest common divisor of v and 16?
16
Let m(v) = -14*v - 201. Let b be m(-15). Calculate the greatest common factor of 15 and b.
3
Suppose 29*h = 26*h + u + 152, -5*h + 242 = 4*u. Suppose 80 = d - k, 0*d = d + 4*k - 55. What is the greatest common factor of h and d?
25
Let k(m) = m**2 + 4*m + 1. Let q be k(-8). Let h(x) = -x**2 - 6*x + 4. Let r be h(-6). Let i = r + 7. What is the highest common factor of q and i?
11
Let d(c) = 0 + 4 + 6 - 11*c - c**2. Let a be d(-5). Calculate the greatest common divisor of a and 10.
10
Let b = -3 + 16. Let p(w) = -w**3 - 7*w**2 - 7*w. Let l be p(-6). Let o(q) = 2*q**2 + 5*q + 2. Let m be o(l). What is the greatest common divisor of m and b?
13
Suppose -1560 = -4*o + 11*l - 9*l, l - 784 = -2*o. Calculate the greatest common factor of o and 17.
17
Suppose -86*t + 575 = -63*t. What is the greatest common divisor of 3175 and t?
25
Let f(k) = 3 - 3 - 3 - 7*k. Let t = 1276 - 1279. Let c be f(t). Calculate the highest common divisor of 12 and c.
6
Suppose -3*p = g - 248, g = -5*p - 2*g + 412. Suppose 42 = 5*j - t - 101, 3*t = 4*j - 121. Let y = p - j. Calculate the greatest common divisor of y and 11.
11
Let c = -665 - -797. Calculate the highest common divisor of 198 and c.
66
Let f = -7 + 88. Let n(u) = -u**3 - 12*u**2 + 13*u + 2. Let w be n(-13). Let r = 11 - w. What is the greatest common divisor of f and r?
9
Suppose -4*j - l + 531 = -2*l, -3*j = 4*l - 422. Let f = j + -80. What is the greatest common factor of 81 and f?
27
Let i = 0 - 4. Let t be i/(-10) + (-8)/(-5). What is the highest common divisor of t and 14?
2
Suppose -5*n + 4*r = -10*n + 46, -5*r = 2*n - 32. What is the greatest common factor of n and 64?
2
Let w(q) = q + 12. Suppose 5*v - 1 - 4 = 0, -v + 12 = -d. Let g be w(d). Let j = 3 + 4. What is the greatest common divisor of g and j?
1
Let h = 25 - 24. Let i be (-10)/(-2) - (-1 + h) - 1. What is the greatest common factor of 44 and i?
4
Let p(d) = -8*d + 8. Let m be p(-14). Let z = m - 55. Calculate the highest common factor of 13 and z.
13
Let f = 122 + -67. Let u = -62 + 73. Calculate the highest common factor of u and f.
11
Let v = -58 + 51. Let h(y) = -6*y - 37. Let r be h(v). What is the highest common divisor of r and 25?
5
Let f(g) = 29*g**2 - 3*g + 1. Let j be f(-1). Calculate the greatest common factor of j and 55.
11
Let l = -837 - -1213. Calculate the greatest common factor of 141 and l.
47
Let g be ((-9)/(315/14))/(2/(-940)). Calculate the highest common factor of 141 and g.
47
Suppose -15*p - 200 = -23*p. Let y(v) = 4*v**2 - 3*v - 1. Let j be y(-4). Calculate the highest common divisor of j and p.
25
Suppose 3*l = 4*v + 1 + 3, 0 = 2*l - 8. Suppose 0 = v*d + 35 - 339. Calculate the greatest common factor of 38 and d.
38
Suppose 5*k = -3*s + 24 + 89, 0 = -4*k + 3*s + 112. Calculate the highest common factor of k and 15.
5
Let s be 174/12*(5 + (15 - -2)). Calculate the greatest common factor of 22 and s.
11
Suppose 7*x - 3*l - 4015 = 0, -2*x - x + 1720 = -2*l. What is the greatest common factor of 246 and x?
82
Let k = 26 - 23. Suppose -2*j - k*j = -70. What is the highest common factor of 21 and j?
7
Let b be (555/(-7))/((-62)/434). What is the highest common divisor of 10 and b?
5
Let l = 123 + -84. Let k(f) = 77*f**2 - f. Let a be k(-2). Let i be -4 + 2 - (-4 - a). Calculate the highest common divisor of l and i.
39
Let x = 110 + -101. Let r(g) = -g**2 - 5*g - 3. Let k be r(-3). Calculate the highest common factor of x and k.
3
Suppose 0 = 11*v - 3264 + 74. Calculate the highest common divisor of 754 and v.
58
Suppose 3*s = -3*p + 1104, 0*s - 1844 = -5*s - 4*p. Let h = s - 188. Let f = 283 - h. Calculate the greatest common divisor of 9 and f.
9
Let j be 62 - 5*12/30. Calculate the highest common divis